mon factor of y and 2425?
25
Let l(s) = 3*s**3 - 114*s**2 + 18*s + 99. Let q be l(38). Calculate the greatest common factor of q and 9.
9
Suppose -5*y + 4*f = -364, -2*y + 5*f + 365 = 3*y. Suppose 74*k = 77*k - y. Calculate the greatest common factor of k and 120.
24
Let r(u) = 37*u**2 + 159*u - 47. Let m be r(11). Calculate the highest common divisor of 407 and m.
37
Suppose -o = -15 + 2. Let m be (-3)/6*0 + 183. Let z = m - 79. Calculate the highest common factor of z and o.
13
Let i(h) = h - 15. Let f be i(40). Let r = 17 - -58. Calculate the greatest common divisor of r and f.
25
Suppose -4*f + 7797 = -p, -5838 = -3*f + 7*p - 3*p. Let m be 1/((-1)/f)*(-76)/190. What is the highest common factor of 12 and m?
12
Let u = -20617 - -22291. What is the highest common factor of u and 756?
54
Let t(x) = 21*x**2 - 3*x - 100. Let v be t(-6). Let f be 2/((-6)/(-9)) + v + -6. Calculate the highest common divisor of f and 61.
61
Let n(s) = -360*s - 16198. Let x be n(-45). What is the highest common divisor of x and 683?
1
Let c(v) = 6*v**2 - v - 1. Let a be c(-1). Let p be -12 - -128 - (-760)/(-38). Calculate the greatest common divisor of p and a.
6
Suppose -4*x = -3*x + 22. Let h = -19 - x. Suppose -4*c - 3*q = 1, -h*q + 0 = c + 7. What is the greatest common divisor of 14 and c?
2
Suppose -2*h + 2*d + 34 = 0, -9 - 28 = -2*h + 3*d. Let m(y) = -19*y - 1. Let n = -11 + 8. Let f be m(n). What is the greatest common factor of f and h?
14
Let x be 28077/245 - (-12)/5. What is the highest common factor of 9243 and x?
117
Let s = -78 - -73. Let d be 12/((-12)/(-20)*s/(-4)). Suppose 2*b + 2*b - 561 = -3*l, l - 283 = -2*b. Calculate the greatest common divisor of d and b.
16
Let m be (-14 - -7)/(2/2) - -402. What is the highest common factor of 2133 and m?
79
Let d(a) = -a**2 + 12*a - 5. Let p be d(5). Suppose -p*m = -33*m + 12. Let u = m - -5. What is the highest common divisor of 54 and u?
9
Let s(p) = -3*p**3 - 3*p**2 + 2. Let i be s(-1). Suppose -84 = 12*w - 15*w. Suppose 127*d + w = 129*d. What is the greatest common factor of i and d?
2
Suppose 0 = 4*i + 4*p - 152, -12*p = 2*i - 14*p - 76. What is the greatest common factor of i and 2261?
19
Suppose 13 = 4*j - 3. Suppose -w + v = -4*v + 18, 3*v = -4*w - 95. Let x(s) = -s**2 - 25*s - 38. Let n be x(w). What is the greatest common factor of j and n?
4
Let z = 46 - 21. Let v be ((-126)/27)/(0 + 3/9). Let m = -9 - v. What is the greatest common factor of z and m?
5
Let j(d) = 2*d**2 + 10*d + 12. Let k be j(-11). Suppose -51*u = -71*u + 360. Calculate the highest common factor of u and k.
18
Suppose -29*l + 32*l - 2*a = 31, 0 = -4*l + 4*a + 32. What is the highest common divisor of 195 and l?
15
Let w = 12667 - 12663. Calculate the highest common divisor of 2026 and w.
2
Let v(i) = -19*i - 176. Let y be v(-20). Calculate the highest common factor of 156 and y.
12
Suppose 0 = 2*b - 2082 - 3354. Calculate the highest common factor of b and 18.
18
Let g(z) = -z**2 - 35*z + 1518. Let a be g(23). Calculate the highest common divisor of a and 3128.
184
Suppose d - 24 = 24. Let o = -51 + d. Let z be 543/15 - o/(-15). Calculate the greatest common divisor of 27 and z.
9
Let d be -13 + (38 - 24 - -70). Suppose -v - 3*v + 4828 = 0. What is the greatest common divisor of v and d?
71
Suppose -3*d + 25935 = 5*j, 33*d - 34557 = 29*d + j. What is the greatest common factor of 240 and d?
240
Let x(l) = -12*l - 498. Let g be x(-37). Let r be (-6)/g - (8815/(-45) - 2). What is the highest common factor of 18 and r?
18
Suppose -q = 27*q + 10892. Let o = -332 - q. Calculate the greatest common factor of o and 9.
3
Suppose 2*p - m = 2*m + 12, -4*m = 16. Suppose 3*k = -p*k. Suppose 3*n - 2*n - 17 = k. What is the greatest common factor of n and 153?
17
Suppose 0 = -4*o + 4*v - v + 1647, -v - 1637 = -4*o. What is the highest common divisor of o and 255?
51
Let q(z) = 6 + 3 + 5*z**2 - 4*z + 2 - 18. Let h be q(-3). What is the greatest common factor of 25 and h?
25
Suppose b - 13 = -3*f, 2*b - 10 - 1 = -f. Let c be (-8)/((-6)/(f + 0)) + 4. Calculate the highest common divisor of c and 1.
1
Let l = 2 - -2. Let a be ((-131544)/36540)/(((-4)/5)/2). Calculate the highest common factor of l and a.
1
Let w = -60 - -75. Let i = -15 + 29. Let y be 35/10*80/i. What is the highest common factor of w and y?
5
Let s be ((-2)/(-2) - -1) + 2. Let a(d) = d**2 - 11*d. Let v be a(11). Suppose 0 = s*g - v*g - 100. Calculate the highest common divisor of g and 100.
25
Suppose 6*a + 61 = -a + 1006. What is the greatest common divisor of 4563 and a?
27
Let s(p) = p**2 - 3*p + 10. Let x = 4 - 0. Let w be s(x). Suppose 0 = -6*q + w + 82. What is the greatest common divisor of q and 16?
16
Let j = 88 + -80. Let g be (98/(-28))/((-2)/j). What is the highest common factor of g and 98?
14
Suppose -4*g + 176 = -2*q, -2*q - 2*q = -g + 37. Suppose -9*u + 6*u = 162. Let r = 59 + u. What is the greatest common divisor of g and r?
5
Let s(g) = -g**3 + 27*g**2 + 65*g + 754. Let b be s(30). What is the greatest common factor of 6056 and b?
4
Suppose 2*j + 380 = 4*j - 10*h, 570 = 3*j - 3*h. What is the highest common divisor of 323 and j?
19
Let k be 9/((-129)/(-18) + -7). Let f be (-5 + k/10)*30. Calculate the greatest common factor of 16 and f.
4
Let k(c) = -2*c**2 - 6*c + 30. Let q be k(10). Let a = q - -296. What is the greatest common divisor of a and 110?
22
Let j = 12199 + -10019. Calculate the greatest common factor of 80 and j.
20
Let w be ((-87)/(-6) - 0)*(67 - 83)*-1. Calculate the greatest common factor of w and 212.
4
Suppose -40*t + 182934 = -21615 - 76251. What is the greatest common divisor of 819 and t?
117
Suppose 0 = 58*x - 66*x + 24. Suppose x*v = 2*v - 4*b + 64, -282 = -5*v - b. Calculate the greatest common divisor of v and 196.
28
Let s(t) = 2*t**2 + t - 6. Let q be s(2). Suppose -d = -q*f - 13, 4*d - 2*f - 2*f - 64 = 0. Let i = d - -17. Calculate the highest common divisor of 85 and i.
17
Let s be -7*(406/(-49) - -4). Suppose -110 = s*b - 2990. Calculate the greatest common divisor of b and 3.
3
Let y(l) = 8*l - 108. Suppose -34 = -2*z - 0*z - a, -4 = -2*a. Let i be y(z). Calculate the greatest common divisor of 300 and i.
20
Let t = -9 + 17. Let j = 1382 - 1380. What is the highest common divisor of j and t?
2
Suppose 54*b - 54 = 53*b. Calculate the highest common factor of b and 594.
54
Suppose t + 4*t = -4*w + 2589, -5*t = -2*w + 1287. Suppose -3*z = p - 28, -3*p = 5*z - 4*z - 60. Calculate the greatest common divisor of w and p.
19
Let v be (-170)/(-119)*(0 + 539). Calculate the greatest common divisor of v and 1210.
110
Let m = 100 - -48. Suppose 4*u = -12, 2*l - 4*u + 20 - 56 = 0. Calculate the greatest common factor of l and m.
4
Suppose 47*a = 24355 - 573. Calculate the highest common divisor of a and 1334.
46
Suppose -4*n - 5*z = -2103, n = -2*n - 2*z + 1572. Suppose 798 = 11*b - n. Calculate the highest common divisor of b and 96.
24
Let y(x) = -6*x**3 - 36*x**2 + 26*x + 160. Let w be y(-6). Calculate the highest common divisor of w and 14548.
4
Suppose -3*w + 24 = -9. Let l be 3 + -492 - (5 + -14). Let u = 535 + l. Calculate the greatest common divisor of u and w.
11
Let x = 1061 + -1057. Suppose -53 = -3*q - 2*r, -4*r = 5 + 3. Calculate the highest common factor of q and x.
1
Let t = 44 - -226. Suppose 53*s = 63*s - t. Calculate the greatest common divisor of 189 and s.
27
Let r(g) = 3*g**2 + 45*g + 48. Let d be r(-14). Calculate the greatest common factor of 388 and d.
2
Suppose 94*f - 7478 + 4940 = 0. Let j(t) = -54*t. Let i be j(-8). Calculate the highest common factor of i and f.
27
Let z be (4*-1)/((-28)/63). Suppose 4*c = 25 - z. Calculate the highest common factor of c and 1.
1
Suppose -3*m + 8988 = -900*x + 898*x, -4*m = -x - 11994. What is the highest common factor of m and 800?
200
Let w = -15255 - -15296. Suppose -328 = -7*t + 3*t. Suppose -l = l - t. What is the highest common divisor of l and w?
41
Let z(u) = -37*u + 3578. Let g be z(95). Calculate the greatest common divisor of 357 and g.
21
Let i = 1890 - 1855. Calculate the highest common factor of i and 945.
35
Let f(a) be the second derivative of a**5/20 + 5*a**4/3 - 4*a**3 - 7*a**2 + 5*a + 1. Let h be f(-21). What is the greatest common divisor of h and 21?
7